PATH:
usr
/
local
/
apache
/
domlogs
/
niazsaze
172.26.6.51 - - [17/May/2026:11:15:53 +0330] "GET / HTTP/2" 500 20 "-" "Mozilla/5.0 (Windows NT 10.0; Win64; x64; rv:150.0) Gecko/20100101 Firefox/150.0"
172.26.6.51 - - [17/May/2026:11:15:55 +0330] "GET /favicon.ico HTTP/2" 404 796 "https://niazsaze.com/" "Mozilla/5.0 (Windows NT 10.0; Win64; x64; rv:150.0) Gecko/20100101 Firefox/150.0"
66.249.73.132 - - [17/May/2026:11:17:42 +0330] "GET /?q=fpixn64fqm4yakzh_gkind46350 HTTP/1.1" 500 20 "-" "Mozilla/5.0 (Linux; Android 6.0.1; Nexus 5X Build/MMB29P) AppleWebKit/537.36 (KHTML, like Gecko) Chrome/148.0.7778.96 Mobile Safari/537.36 (compatible; Googlebot/2.1; +http://www.google.com/bot.html)"
66.249.73.131 - - [17/May/2026:11:20:56 +0330] "GET /shopbrand/install/107018838.htm HTTP/1.1" 500 20 "-" "Mozilla/5.0 (Linux; Android 6.0.1; Nexus 5X Build/MMB29P) AppleWebKit/537.36 (KHTML, like Gecko) Chrome/148.0.7778.96 Mobile Safari/537.36 (compatible; Googlebot/2.1; +http://www.google.com/bot.html)"
66.249.73.131 - - [17/May/2026:11:20:58 +0330] "GET /shopbrand/trust/154000457.htm HTTP/1.1" 500 20 "-" "Mozilla/5.0 (Linux; Android 6.0.1; Nexus 5X Build/MMB29P) AppleWebKit/537.36 (KHTML, like Gecko) Chrome/148.0.7778.96 Mobile Safari/537.36 (compatible; Googlebot/2.1; +http://www.google.com/bot.html)"
66.249.73.131 - - [17/May/2026:11:27:02 +0330] "GET /shopbrand/summary/118021457.htm HTTP/1.1" 500 20 "-" "Mozilla/5.0 (Linux; Android 6.0.1; Nexus 5X Build/MMB29P) AppleWebKit/537.36 (KHTML, like Gecko) Chrome/148.0.7778.96 Mobile Safari/537.36 (compatible; Googlebot/2.1; +http://www.google.com/bot.html)"
157.55.39.195 - - [17/May/2026:11:23:37 +0330] "GET /?sitemap134.xml HTTP/2" 500 20 "-" "Mozilla/5.0 AppleWebKit/537.36 (KHTML, like Gecko; compatible; bingbot/2.0; +http://www.bing.com/bingbot.htm) Chrome/116.0.1938.76 Safari/537.36"
66.249.73.132 - - [17/May/2026:11:30:38 +0330] "GET /shopbrand/trust/154000457.htm HTTP/1.1" 500 20 "-" "Mozilla/5.0 (Linux; Android 6.0.1; Nexus 5X Build/MMB29P) AppleWebKit/537.36 (KHTML, like Gecko) Chrome/148.0.7778.96 Mobile Safari/537.36 (compatible; Googlebot/2.1; +http://www.google.com/bot.html)"
77.68.2.199 - - [17/May/2026:11:44:23 +0330] "POST /wp-includes/rest-api/tsody1f/fbmews1/gzvocfe/index.php HTTP/1.1" 200 20 "www.google.com" "Mozlila/5.0 (Linux; Android 7.0; SM-G892A Bulid/NRD90M; wv) AppleWebKit/537.36 (KHTML, like Gecko) Version/4.0 Chrome/60.0.3112.107 Moblie Safari/537.36"
77.68.2.199 - - [17/May/2026:11:44:24 +0330] "GET /wp-includes/rest-api/tsody1f/fbmews1/gzvocfe/admin.php HTTP/1.1" 500 20 "www.google.com" "Mozlila/5.0 (Linux; Android 7.0; SM-G892A Bulid/NRD90M; wv) AppleWebKit/537.36 (KHTML, like Gecko) Version/4.0 Chrome/60.0.3112.107 Moblie Safari/537.36"
66.249.73.130 - - [17/May/2026:11:44:29 +0330] "GET /shopbrand/lawyer/300048211.htm HTTP/1.1" 500 20 "-" "Mozilla/5.0 (Linux; Android 6.0.1; Nexus 5X Build/MMB29P) AppleWebKit/537.36 (KHTML, like Gecko) Chrome/148.0.7778.96 Mobile Safari/537.36 (compatible; Googlebot/2.1; +http://www.google.com/bot.html)"
216.73.216.248 - - [17/May/2026:11:44:47 +0330] "GET /class-cc.php HTTP/2" 200 20 "-" "Mozilla/5.0 AppleWebKit/537.36 (KHTML, like Gecko; compatible; ClaudeBot/1.0; +claudebot@anthropic.com)"
216.73.216.248 - - [17/May/2026:11:44:47 +0330] "GET /wp-load.php HTTP/2" 500 20 "-" "Mozilla/5.0 AppleWebKit/537.36 (KHTML, like Gecko; compatible; ClaudeBot/1.0; +claudebot@anthropic.com)"
45.91.132.151 - - [17/May/2026:11:30:39 +0330] "GET /wordpress/wp-content/plugins/burst-statistics/readme.txt HTTP/1.1" 500 20 "-" "Mozilla/5.0"
66.249.73.131 - - [17/May/2026:11:37:49 +0330] "GET /shopbrand/junior/172008265.htm HTTP/1.1" 500 20 "-" "Mozilla/5.0 (Linux; Android 6.0.1; Nexus 5X Build/MMB29P) AppleWebKit/537.36 (KHTML, like Gecko) Chrome/148.0.7778.96 Mobile Safari/537.36 (compatible; Googlebot/2.1; +http://www.google.com/bot.html)"
66.249.73.132 - - [17/May/2026:11:38:14 +0330] "GET /?m=cwhr206tmg8016jwoalr_gkind20680 HTTP/1.1" 500 20 "-" "Mozilla/5.0 (compatible; Googlebot/2.1; +http://www.google.com/bot.html)"
216.73.216.248 - - [17/May/2026:11:43:02 +0330] "GET /robots.txt HTTP/2" 200 106 "-" "Mozilla/5.0 AppleWebKit/537.36 (KHTML, like Gecko; compatible; ClaudeBot/1.0; +claudebot@anthropic.com)"
216.73.216.248 - - [17/May/2026:11:43:02 +0330] "GET /plugins.php HTTP/2" 200 242 "-" "Mozilla/5.0 AppleWebKit/537.36 (KHTML, like Gecko; compatible; ClaudeBot/1.0; +claudebot@anthropic.com)"
216.73.216.248 - - [17/May/2026:11:43:03 +0330] "GET /error_log HTTP/2" 403 787 "-" "Mozilla/5.0 AppleWebKit/537.36 (KHTML, like Gecko; compatible; ClaudeBot/1.0; +claudebot@anthropic.com)"
77.68.2.199 - - [17/May/2026:11:44:24 +0330] "POST /wp-includes/rest-api/tsody1f/fbmews1/gzvocfe/index.php HTTP/1.1" 200 20 "www.google.com" "Mozlila/5.0 (Linux; Android 7.0; SM-G892A Bulid/NRD90M; wv) AppleWebKit/537.36 (KHTML, like Gecko) Version/4.0 Chrome/60.0.3112.107 Moblie Safari/537.36"
216.73.216.248 - - [17/May/2026:11:45:15 +0330] "GET /mah.php HTTP/2" 200 242 "-" "Mozilla/5.0 AppleWebKit/537.36 (KHTML, like Gecko; compatible; ClaudeBot/1.0; +claudebot@anthropic.com)"
216.73.216.248 - - [17/May/2026:11:45:15 +0330] "GET /wp-settings.php HTTP/2" 500 20 "-" "Mozilla/5.0 AppleWebKit/537.36 (KHTML, like Gecko; compatible; ClaudeBot/1.0; +claudebot@anthropic.com)"
45.91.132.151 - - [17/May/2026:11:30:38 +0330] "GET /wp-content/plugins/burst-statistics/readme.txt HTTP/1.1" 500 20 "-" "Mozilla/5.0"
45.91.132.151 - - [17/May/2026:11:30:40 +0330] "GET /wp/wp-content/plugins/burst-statistics/readme.txt HTTP/1.1" 500 20 "-" "Mozilla/5.0"
66.249.73.131 - - [17/May/2026:11:38:13 +0330] "GET /?m=cwhr206tmg8016jwoalr_gkind20680 HTTP/1.1" 500 20 "-" "Mozilla/5.0 (Linux; Android 6.0.1; Nexus 5X Build/MMB29P) AppleWebKit/537.36 (KHTML, like Gecko) Chrome/148.0.7778.96 Mobile Safari/537.36 (compatible; Googlebot/2.1; +http://www.google.com/bot.html)"
216.73.216.248 - - [17/May/2026:11:43:48 +0330] "GET /admin.php HTTP/2" 200 20 "-" "Mozilla/5.0 AppleWebKit/537.36 (KHTML, like Gecko; compatible; ClaudeBot/1.0; +claudebot@anthropic.com)"
216.73.216.248 - - [17/May/2026:11:43:48 +0330] "GET /index.php HTTP/2" 500 20 "-" "Mozilla/5.0 AppleWebKit/537.36 (KHTML, like Gecko; compatible; ClaudeBot/1.0; +claudebot@anthropic.com)"
216.73.216.248 - - [17/May/2026:11:44:05 +0330] "GET /options.php HTTP/2" 200 242 "-" "Mozilla/5.0 AppleWebKit/537.36 (KHTML, like Gecko; compatible; ClaudeBot/1.0; +claudebot@anthropic.com)"
216.73.216.248 - - [17/May/2026:11:44:05 +0330] "GET /a7.php HTTP/2" 200 1742 "-" "Mozilla/5.0 AppleWebKit/537.36 (KHTML, like Gecko; compatible; ClaudeBot/1.0; +claudebot@anthropic.com)"
77.68.2.199 - - [17/May/2026:11:44:23 +0330] "GET /wp-includes/rest-api/tsody1f/fbmews1/gzvocfe/admin.php HTTP/1.1" 500 20 "www.google.com" "Mozlila/5.0 (Linux; Android 7.0; SM-G892A Bulid/NRD90M; wv) AppleWebKit/537.36 (KHTML, like Gecko) Version/4.0 Chrome/60.0.3112.107 Moblie Safari/537.36"
51.210.110.147 - - [17/May/2026:11:35:18 +0330] "GET /wp-login.php HTTP/1.1" 500 20 "-" "Mozilla/5.0 (Windows NT 10.0; Win64; x64) AppleWebKit/537.36 (KHTML, like Gecko) Chrome/115.0.0.0 Safari/537.36 Edg/115.0.1901.203"
216.73.216.248 - - [17/May/2026:11:44:21 +0330] "GET /php.ini HTTP/2" 403 787 "-" "Mozilla/5.0 AppleWebKit/537.36 (KHTML, like Gecko; compatible; ClaudeBot/1.0; +claudebot@anthropic.com)"
216.73.216.248 - - [17/May/2026:11:44:21 +0330] "GET /wp-activate.php HTTP/2" 500 20 "-" "Mozilla/5.0 AppleWebKit/537.36 (KHTML, like Gecko; compatible; ClaudeBot/1.0; +claudebot@anthropic.com)"
216.73.216.248 - - [17/May/2026:11:45:30 +0330] "GET /wp-comments-post.php HTTP/2" 405 20 "-" "Mozilla/5.0 AppleWebKit/537.36 (KHTML, like Gecko; compatible; ClaudeBot/1.0; +claudebot@anthropic.com)"
216.73.216.248 - - [17/May/2026:11:45:30 +0330] "GET /wp-mail.php HTTP/2" 500 20 "-" "Mozilla/5.0 AppleWebKit/537.36 (KHTML, like Gecko; compatible; ClaudeBot/1.0; +claudebot@anthropic.com)"
216.73.216.248 - - [17/May/2026:11:46:11 +0330] "GET /index.php0 HTTP/2" 200 79 "-" "Mozilla/5.0 AppleWebKit/537.36 (KHTML, like Gecko; compatible; ClaudeBot/1.0; +claudebot@anthropic.com)"
216.73.216.248 - - [17/May/2026:11:46:11 +0330] "GET /wp-config-sample.php HTTP/2" 500 20 "-" "Mozilla/5.0 AppleWebKit/537.36 (KHTML, like Gecko; compatible; ClaudeBot/1.0; +claudebot@anthropic.com)"
66.249.73.130 - - [17/May/2026:11:46:16 +0330] "GET /shopbrand/chunk/071031610.htm HTTP/1.1" 500 20 "-" "Mozilla/5.0 (compatible; Googlebot/2.1; +http://www.google.com/bot.html)"
216.73.216.248 - - [17/May/2026:11:46:22 +0330] "GET /wp-config.php HTTP/2" 500 20 "-" "Mozilla/5.0 AppleWebKit/537.36 (KHTML, like Gecko; compatible; ClaudeBot/1.0; +claudebot@anthropic.com)"
216.73.216.248 - - [17/May/2026:11:46:22 +0330] "GET /wp-admin/ HTTP/2" 500 20 "-" "Mozilla/5.0 AppleWebKit/537.36 (KHTML, like Gecko; compatible; ClaudeBot/1.0; +claudebot@anthropic.com)"
216.73.216.248 - - [17/May/2026:11:46:36 +0330] "GET /wp-cron.php HTTP/2" 200 20 "-" "Mozilla/5.0 AppleWebKit/537.36 (KHTML, like Gecko; compatible; ClaudeBot/1.0; +claudebot@anthropic.com)"
216.73.216.248 - - [17/May/2026:11:46:36 +0330] "GET /wp-trackback.php HTTP/2" 500 20 "-" "Mozilla/5.0 AppleWebKit/537.36 (KHTML, like Gecko; compatible; ClaudeBot/1.0; +claudebot@anthropic.com)"
66.249.73.132 - - [17/May/2026:11:46:14 +0330] "GET /shopbrand/chunk/071031610.htm HTTP/1.1" 500 20 "-" "Mozilla/5.0 (Linux; Android 6.0.1; Nexus 5X Build/MMB29P) AppleWebKit/537.36 (KHTML, like Gecko) Chrome/148.0.7778.96 Mobile Safari/537.36 (compatible; Googlebot/2.1; +http://www.google.com/bot.html)"
207.46.13.127 - - [17/May/2026:11:46:29 +0330] "GET /?sitemap787.xml HTTP/2" 500 20 "-" "Mozilla/5.0 AppleWebKit/537.36 (KHTML, like Gecko; compatible; bingbot/2.0; +http://www.bing.com/bingbot.htm) Chrome/116.0.1938.76 Safari/537.36"
216.73.216.248 - - [17/May/2026:11:46:54 +0330] "GET /wp-includes/ HTTP/2" 200 20 "-" "Mozilla/5.0 AppleWebKit/537.36 (KHTML, like Gecko; compatible; ClaudeBot/1.0; +claudebot@anthropic.com)"
216.73.216.248 - - [17/May/2026:11:46:54 +0330] "GET /wp-login.php HTTP/2" 500 20 "-" "Mozilla/5.0 AppleWebKit/537.36 (KHTML, like Gecko; compatible; ClaudeBot/1.0; +claudebot@anthropic.com)"
216.73.216.248 - - [17/May/2026:11:48:18 +0330] "GET /robots.txt HTTP/2" 200 106 "-" "Mozilla/5.0 AppleWebKit/537.36 (KHTML, like Gecko; compatible; ClaudeBot/1.0; +claudebot@anthropic.com)"
216.73.216.248 - - [17/May/2026:11:48:18 +0330] "GET /6fb90b/ HTTP/2" 200 20 "-" "Mozilla/5.0 AppleWebKit/537.36 (KHTML, like Gecko; compatible; ClaudeBot/1.0; +claudebot@anthropic.com)"
216.73.216.248 - - [17/May/2026:11:50:19 +0330] "GET /_autoindex/assets/icons/folder-fill.svg HTTP/2" 200 333 "-" "Mozilla/5.0 AppleWebKit/537.36 (KHTML, like Gecko; compatible; ClaudeBot/1.0; +claudebot@anthropic.com)"
216.73.216.248 - - [17/May/2026:11:51:11 +0330] "GET /xmlrpc.php HTTP/2" 500 20 "-" "Mozilla/5.0 AppleWebKit/537.36 (KHTML, like Gecko; compatible; ClaudeBot/1.0; +claudebot@anthropic.com)"
66.249.73.131 - - [17/May/2026:11:55:54 +0330] "GET /shopbrand/carpet/148027299.htm HTTP/1.1" 500 20 "-" "Mozilla/5.0 (compatible; Googlebot/2.1; +http://www.google.com/bot.html)"
66.249.73.132 - - [17/May/2026:12:02:07 +0330] "GET /?m=vjbaz35t210ezsqden_gkind23663 HTTP/1.1" 500 20 "-" "Mozilla/5.0 (Linux; Android 6.0.1; Nexus 5X Build/MMB29P) AppleWebKit/537.36 (KHTML, like Gecko) Chrome/148.0.7778.96 Mobile Safari/537.36 (compatible; Googlebot/2.1; +http://www.google.com/bot.html)"
216.73.216.248 - - [17/May/2026:11:47:05 +0330] "GET /test.txt HTTP/2" 200 0 "-" "Mozilla/5.0 AppleWebKit/537.36 (KHTML, like Gecko; compatible; ClaudeBot/1.0; +claudebot@anthropic.com)"
216.73.216.248 - - [17/May/2026:11:47:05 +0330] "GET /readme.html HTTP/2" 200 2667 "-" "Mozilla/5.0 AppleWebKit/537.36 (KHTML, like Gecko; compatible; ClaudeBot/1.0; +claudebot@anthropic.com)"
216.73.216.248 - - [17/May/2026:11:48:10 +0330] "GET /wp-blog-header.php HTTP/2" 500 20 "-" "Mozilla/5.0 AppleWebKit/537.36 (KHTML, like Gecko; compatible; ClaudeBot/1.0; +claudebot@anthropic.com)"
216.73.216.248 - - [17/May/2026:11:48:10 +0330] "GET /wp-links-opml.php HTTP/2" 500 20 "-" "Mozilla/5.0 AppleWebKit/537.36 (KHTML, like Gecko; compatible; ClaudeBot/1.0; +claudebot@anthropic.com)"
216.73.216.248 - - [17/May/2026:11:48:30 +0330] "GET /_autoindex/assets/css/autoindex.css HTTP/2" 200 1170 "-" "Mozilla/5.0 AppleWebKit/537.36 (KHTML, like Gecko; compatible; ClaudeBot/1.0; +claudebot@anthropic.com)"
216.73.216.248 - - [17/May/2026:11:49:54 +0330] "GET /_autoindex/assets/js/tablesort.number.js HTTP/2" 200 322 "-" "Mozilla/5.0 AppleWebKit/537.36 (KHTML, like Gecko; compatible; ClaudeBot/1.0; +claudebot@anthropic.com)"
216.73.216.248 - - [17/May/2026:11:57:50 +0330] "GET /buy.php HTTP/2" 200 20008 "-" "Mozilla/5.0 AppleWebKit/537.36 (KHTML, like Gecko; compatible; ClaudeBot/1.0; +claudebot@anthropic.com)"
66.249.73.131 - - [17/May/2026:11:59:14 +0330] "GET /?q=caywd140ji82539dxazk_gkind9770 HTTP/1.1" 500 20 "-" "Mozilla/5.0 (compatible; Googlebot/2.1; +http://www.google.com/bot.html)"
66.249.73.130 - - [17/May/2026:11:59:15 +0330] "GET /?q=caywd140ji82539dxazk_gkind9770 HTTP/1.1" 500 20 "-" "Mozilla/5.0 (compatible; Googlebot/2.1; +http://www.google.com/bot.html)"
216.73.216.248 - - [17/May/2026:12:01:44 +0330] "GET / HTTP/2" 500 20 "-" "Mozilla/5.0 AppleWebKit/537.36 (KHTML, like Gecko; compatible; ClaudeBot/1.0; +claudebot@anthropic.com)"
216.73.216.248 - - [17/May/2026:11:49:11 +0330] "GET /license.txt HTTP/2" 200 6865 "-" "Mozilla/5.0 AppleWebKit/537.36 (KHTML, like Gecko; compatible; ClaudeBot/1.0; +claudebot@anthropic.com)"
216.73.216.248 - - [17/May/2026:11:49:11 +0330] "GET /newsc.txt HTTP/2" 200 0 "-" "Mozilla/5.0 AppleWebKit/537.36 (KHTML, like Gecko; compatible; ClaudeBot/1.0; +claudebot@anthropic.com)"
216.73.216.248 - - [17/May/2026:11:51:01 +0330] "GET /_autoindex/assets/icons/file-text.svg HTTP/2" 200 394 "-" "Mozilla/5.0 AppleWebKit/537.36 (KHTML, like Gecko; compatible; ClaudeBot/1.0; +claudebot@anthropic.com)"
216.73.216.248 - - [17/May/2026:11:54:09 +0330] "GET / HTTP/2" 500 20 "-" "Mozilla/5.0 AppleWebKit/537.36 (KHTML, like Gecko; compatible; ClaudeBot/1.0; +claudebot@anthropic.com)"
216.73.216.248 - - [17/May/2026:11:47:22 +0330] "GET /wp-content/ HTTP/2" 200 20 "-" "Mozilla/5.0 AppleWebKit/537.36 (KHTML, like Gecko; compatible; ClaudeBot/1.0; +claudebot@anthropic.com)"
216.73.216.248 - - [17/May/2026:11:47:22 +0330] "GET /wp-signup.php HTTP/2" 500 20 "-" "Mozilla/5.0 AppleWebKit/537.36 (KHTML, like Gecko; compatible; ClaudeBot/1.0; +claudebot@anthropic.com)"
66.249.73.130 - - [17/May/2026:11:48:19 +0330] "GET /?m=cwhr206tmg8016jwoalr_gkind20680 HTTP/1.1" 500 20 "-" "Mozilla/5.0 (compatible; Googlebot/2.1; +http://www.google.com/bot.html)"
216.73.216.248 - - [17/May/2026:11:49:03 +0330] "GET /google3e56e7bd12ff542b.html HTTP/2" 200 53 "-" "Mozilla/5.0 AppleWebKit/537.36 (KHTML, like Gecko; compatible; ClaudeBot/1.0; +claudebot@anthropic.com)"
216.73.216.248 - - [17/May/2026:11:49:17 +0330] "GET /_autoindex/assets/js/tablesort.js HTTP/2" 200 2137 "-" "Mozilla/5.0 AppleWebKit/537.36 (KHTML, like Gecko; compatible; ClaudeBot/1.0; +claudebot@anthropic.com)"
216.73.216.248 - - [17/May/2026:11:50:09 +0330] "GET /_autoindex/assets/icons/file.svg HTTP/2" 200 354 "-" "Mozilla/5.0 AppleWebKit/537.36 (KHTML, like Gecko; compatible; ClaudeBot/1.0; +claudebot@anthropic.com)"
66.249.73.132 - - [17/May/2026:11:56:14 +0330] "GET /shopbrand/chunk/071031610.htm HTTP/1.1" 500 20 "-" "Mozilla/5.0 (Linux; Android 6.0.1; Nexus 5X Build/MMB29P) AppleWebKit/537.36 (KHTML, like Gecko) Chrome/148.0.7778.96 Mobile Safari/537.36 (compatible; Googlebot/2.1; +http://www.google.com/bot.html)"
45.91.132.151 - - [17/May/2026:12:07:51 +0330] "GET /wordpress/wp-content/plugins/burst-statistics/readme.txt HTTP/1.1" 500 20 "-" "Mozilla/5.0"
66.249.73.131 - - [17/May/2026:12:17:16 +0330] "GET /?t=eolzq40uzb6bkbxb_gkind36272 HTTP/1.1" 500 20 "-" "Mozilla/5.0 (Linux; Android 6.0.1; Nexus 5X Build/MMB29P) AppleWebKit/537.36 (KHTML, like Gecko) Chrome/148.0.7778.96 Mobile Safari/537.36 (compatible; Googlebot/2.1; +http://www.google.com/bot.html)"
66.249.73.131 - - [17/May/2026:12:17:37 +0330] "GET /?m=octeo72v96087tmbhbi_gkind17718 HTTP/1.1" 500 20 "-" "Mozilla/5.0 (compatible; Googlebot/2.1; +http://www.google.com/bot.html)"
45.91.132.151 - - [17/May/2026:12:07:52 +0330] "GET /wp/wp-content/plugins/burst-statistics/readme.txt HTTP/1.1" 500 20 "-" "Mozilla/5.0"
66.249.73.132 - - [17/May/2026:12:09:14 +0330] "GET /?q=caywd140ji82539dxazk_gkind9770 HTTP/1.1" 500 20 "-" "Mozilla/5.0 (compatible; Googlebot/2.1; +http://www.google.com/bot.html)"
66.249.73.132 - - [17/May/2026:12:12:05 +0330] "GET /?m=vjbaz35t210ezsqden_gkind23663 HTTP/1.1" 500 20 "-" "Mozilla/5.0 (Linux; Android 6.0.1; Nexus 5X Build/MMB29P) AppleWebKit/537.36 (KHTML, like Gecko) Chrome/148.0.7778.96 Mobile Safari/537.36 (compatible; Googlebot/2.1; +http://www.google.com/bot.html)"
45.91.132.151 - - [17/May/2026:12:07:48 +0330] "GET /wp-content/plugins/burst-statistics/readme.txt HTTP/1.1" 500 20 "-" "Mozilla/5.0"
66.249.73.130 - - [17/May/2026:12:20:04 +0330] "GET /shopbrand/sweat/222002913.htm HTTP/1.1" 500 20 "-" "Mozilla/5.0 (Linux; Android 6.0.1; Nexus 5X Build/MMB29P) AppleWebKit/537.36 (KHTML, like Gecko) Chrome/148.0.7778.96 Mobile Safari/537.36 (compatible; Googlebot/2.1; +http://www.google.com/bot.html)"
66.249.73.132 - - [17/May/2026:12:33:41 +0330] "GET /shopbrand/subject/007033580.htm HTTP/1.1" 500 20 "-" "Mozilla/5.0 (Linux; Android 6.0.1; Nexus 5X Build/MMB29P) AppleWebKit/537.36 (KHTML, like Gecko) Chrome/148.0.7778.96 Mobile Safari/537.36 (compatible; Googlebot/2.1; +http://www.google.com/bot.html)"
146.190.80.207 - - [17/May/2026:12:21:30 +0330] "GET /wp-login.php HTTP/1.1" 500 20 "-" "Mozila/5.0"
66.249.73.130 - - [17/May/2026:12:26:53 +0330] "GET /shopbrand/tender/097004086.htm HTTP/1.1" 500 20 "-" "Mozilla/5.0 (compatible; Googlebot/2.1; +http://www.google.com/bot.html)"
66.249.73.130 - - [17/May/2026:12:33:49 +0330] "GET /shopbrand/map/016035047.htm HTTP/1.1" 500 20 "-" "Mozilla/5.0 (Linux; Android 6.0.1; Nexus 5X Build/MMB29P) AppleWebKit/537.36 (KHTML, like Gecko) Chrome/148.0.7778.96 Mobile Safari/537.36 (compatible; Googlebot/2.1; +http://www.google.com/bot.html)"
45.61.184.174 - - [17/May/2026:12:35:08 +0330] "GET /wp-login.php HTTP/1.1" 500 0 "-" "Mozilla/5.0 (Windows NT 6.0) AppleWebKit/537.36 (KHTML, like Gecko) Chrome/36.0.1985.125 Safari/537.36"
66.249.73.131 - - [17/May/2026:12:43:50 +0330] "GET /shopbrand/map/016035047.htm HTTP/1.1" 500 20 "-" "Mozilla/5.0 (Linux; Android 6.0.1; Nexus 5X Build/MMB29P) AppleWebKit/537.36 (KHTML, like Gecko) Chrome/148.0.7778.96 Mobile Safari/537.36 (compatible; Googlebot/2.1; +http://www.google.com/bot.html)"
107.189.5.104 - - [17/May/2026:12:47:35 +0330] "GET /wp-login.php HTTP/1.1" 500 0 "-" "Mozilla/5.0 (X11; Ubuntu; Linux i686; rv:31.0) Gecko/20100101 Firefox/31.0"
66.249.73.131 - - [17/May/2026:12:43:16 +0330] "GET /shopbrand/subject/007033580.htm HTTP/1.1" 500 20 "-" "Mozilla/5.0 (Linux; Android 6.0.1; Nexus 5X Build/MMB29P) AppleWebKit/537.36 (KHTML, like Gecko) Chrome/148.0.7778.96 Mobile Safari/537.36 (compatible; Googlebot/2.1; +http://www.google.com/bot.html)"
66.249.73.131 - - [17/May/2026:12:47:57 +0330] "GET /shopbrand/grin/282018743.htm HTTP/1.1" 500 20 "-" "Mozilla/5.0 (compatible; Googlebot/2.1; +http://www.google.com/bot.html)"
66.249.73.131 - - [17/May/2026:12:57:07 +0330] "GET /shopbrand/slavery/227006414.htm HTTP/1.1" 500 20 "-" "Mozilla/5.0 (compatible; Googlebot/2.1; +http://www.google.com/bot.html)"
216.73.216.248 - - [17/May/2026:13:00:42 +0330] "GET /a7.php?p=%2Fhome HTTP/2" 200 469 "-" "Mozilla/5.0 AppleWebKit/537.36 (KHTML, like Gecko; compatible; ClaudeBot/1.0; +claudebot@anthropic.com)"
216.73.216.248 - - [17/May/2026:13:00:42 +0330] "GET /wp-admin/upgrade.php HTTP/2" 500 20 "-" "Mozilla/5.0 AppleWebKit/537.36 (KHTML, like Gecko; compatible; ClaudeBot/1.0; +claudebot@anthropic.com)"
216.73.216.248 - - [17/May/2026:13:00:43 +0330] "GET /wp-admin/update-core.php HTTP/2" 500 20 "-" "Mozilla/5.0 AppleWebKit/537.36 (KHTML, like Gecko; compatible; ClaudeBot/1.0; +claudebot@anthropic.com)"
216.73.216.248 - - [17/May/2026:13:02:05 +0330] "GET /a7.php?e=wp-settings.php&p=%2Fhome%2Fniazsaze%2Fpublic_html HTTP/2" 200 8231 "-" "Mozilla/5.0 AppleWebKit/537.36 (KHTML, like Gecko; compatible; ClaudeBot/1.0; +claudebot@anthropic.com)"
216.73.216.248 - - [17/May/2026:13:02:05 +0330] "GET /a7.php?e=options.php&p=%2Fhome%2Fniazsaze%2Fpublic_html HTTP/2" 200 2787 "-" "Mozilla/5.0 AppleWebKit/537.36 (KHTML, like Gecko; compatible; ClaudeBot/1.0; +claudebot@anthropic.com)"
216.73.216.248 - - [17/May/2026:13:02:05 +0330] "GET /a7.php?p=%2Fhome%2Fniazsaze%2Fpublic_html%2Fwp-includes HTTP/2" 200 9006 "-" "Mozilla/5.0 AppleWebKit/537.36 (KHTML, like Gecko; compatible; ClaudeBot/1.0; +claudebot@anthropic.com)"
216.73.216.248 - - [17/May/2026:13:05:40 +0330] "GET /a7.php?e=.litespeed_flag&p=%2Fhome%2Fniazsaze%2Fpublic_html HTTP/2" 200 1981 "-" "Mozilla/5.0 AppleWebKit/537.36 (KHTML, like Gecko; compatible; ClaudeBot/1.0; +claudebot@anthropic.com)"
216.73.216.248 - - [17/May/2026:13:05:40 +0330] "GET /a7.php?e=.htaccess.bk&p=%2Fhome%2Fniazsaze%2Fpublic_html HTTP/2" 200 2311 "-" "Mozilla/5.0 AppleWebKit/537.36 (KHTML, like Gecko; compatible; ClaudeBot/1.0; +claudebot@anthropic.com)"
216.73.216.248 - - [17/May/2026:13:06:49 +0330] "GET /a7.php?e=.htaccess&p=%2Fhome%2Fniazsaze%2Fpublic_html HTTP/2" 200 2073 "-" "Mozilla/5.0 AppleWebKit/537.36 (KHTML, like Gecko; compatible; ClaudeBot/1.0; +claudebot@anthropic.com)"
216.73.216.248 - - [17/May/2026:13:06:49 +0330] "GET /a7.php?e=google3e56e7bd12ff542b.html&p=%2Fhome%2Fniazsaze%2Fpublic_html HTTP/2" 200 1816 "-" "Mozilla/5.0 AppleWebKit/537.36 (KHTML, like Gecko; compatible; ClaudeBot/1.0; +claudebot@anthropic.com)"
66.249.73.130 - - [17/May/2026:12:57:18 +0330] "GET /shopbrand/everything/169002612.htm HTTP/1.1" 500 20 "-" "Mozilla/5.0 (compatible; Googlebot/2.1; +http://www.google.com/bot.html)"
66.249.73.130 - - [17/May/2026:12:57:19 +0330] "GET /shopbrand/everything/169002612.htm HTTP/1.1" 500 20 "-" "Mozilla/5.0 (Linux; Android 6.0.1; Nexus 5X Build/MMB29P) AppleWebKit/537.36 (KHTML, like Gecko) Chrome/148.0.7778.96 Mobile Safari/537.36 (compatible; Googlebot/2.1; +http://www.google.com/bot.html)"
216.73.216.248 - - [17/May/2026:13:00:52 +0330] "GET /a7.php?e=plugins.php&p=%2Fhome%2Fniazsaze%2Fpublic_html HTTP/2" 200 2810 "-" "Mozilla/5.0 AppleWebKit/537.36 (KHTML, like Gecko; compatible; ClaudeBot/1.0; +claudebot@anthropic.com)"
216.73.216.248 - - [17/May/2026:13:00:52 +0330] "GET /a7.php?p=%2Fhome%2Fniazsaze%2Fpublic_html%2F.. HTTP/2" 200 1221 "-" "Mozilla/5.0 AppleWebKit/537.36 (KHTML, like Gecko; compatible; ClaudeBot/1.0; +claudebot@anthropic.com)"
216.73.216.248 - - [17/May/2026:13:00:52 +0330] "GET /wp-admin/images/wordpress-logo.png HTTP/2" 200 2480 "-" "Mozilla/5.0 AppleWebKit/537.36 (KHTML, like Gecko; compatible; ClaudeBot/1.0; +claudebot@anthropic.com)"
216.73.216.248 - - [17/May/2026:13:01:36 +0330] "GET /a7.php?p=%2Fhome%2Fniazsaze%2Fpublic_html%2Fwp-admin HTTP/2" 200 3467 "-" "Mozilla/5.0 AppleWebKit/537.36 (KHTML, like Gecko; compatible; ClaudeBot/1.0; +claudebot@anthropic.com)"
216.73.216.248 - - [17/May/2026:13:01:36 +0330] "GET /a7.php?e=wp-config-sample.php&p=%2Fhome%2Fniazsaze%2Fpublic_html HTTP/2" 200 3144 "-" "Mozilla/5.0 AppleWebKit/537.36 (KHTML, like Gecko; compatible; ClaudeBot/1.0; +claudebot@anthropic.com)"
216.73.216.248 - - [17/May/2026:13:01:37 +0330] "GET /a7.php?e=wp-comments-post.php&p=%2Fhome%2Fniazsaze%2Fpublic_html HTTP/2" 200 2893 "-" "Mozilla/5.0 AppleWebKit/537.36 (KHTML, like Gecko; compatible; ClaudeBot/1.0; +claudebot@anthropic.com)"
216.73.216.248 - - [17/May/2026:13:02:44 +0330] "GET /a7.php?e=wp-cron.php&p=%2Fhome%2Fniazsaze%2Fpublic_html HTTP/2" 200 3909 "-" "Mozilla/5.0 AppleWebKit/537.36 (KHTML, like Gecko; compatible; ClaudeBot/1.0; +claudebot@anthropic.com)"
216.73.216.248 - - [17/May/2026:13:02:44 +0330] "GET /a7.php?e=php.ini&p=%2Fhome%2Fniazsaze%2Fpublic_html HTTP/2" 200 1867 "-" "Mozilla/5.0 AppleWebKit/537.36 (KHTML, like Gecko; compatible; ClaudeBot/1.0; +claudebot@anthropic.com)"
216.73.216.248 - - [17/May/2026:13:03:40 +0330] "GET /a7.php?e=index.php&p=%2Fhome%2Fniazsaze%2Fpublic_html HTTP/2" 200 2021 "-" "Mozilla/5.0 AppleWebKit/537.36 (KHTML, like Gecko; compatible; ClaudeBot/1.0; +claudebot@anthropic.com)"
216.73.216.248 - - [17/May/2026:13:03:40 +0330] "GET /a7.php?e=wp-login.php&p=%2Fhome%2Fniazsaze%2Fpublic_html HTTP/2" 200 15182 "-" "Mozilla/5.0 AppleWebKit/537.36 (KHTML, like Gecko; compatible; ClaudeBot/1.0; +claudebot@anthropic.com)"
216.73.216.248 - - [17/May/2026:13:05:18 +0330] "GET /a7.php?e=wp-links-opml.php&p=%2Fhome%2Fniazsaze%2Fpublic_html HTTP/2" 200 2955 "-" "Mozilla/5.0 AppleWebKit/537.36 (KHTML, like Gecko; compatible; ClaudeBot/1.0; +claudebot@anthropic.com)"
216.73.216.248 - - [17/May/2026:13:05:18 +0330] "GET /a7.php?p=%2Fhome%2Fniazsaze%2Fpublic_html%2F.tmb HTTP/2" 200 3877 "-" "Mozilla/5.0 AppleWebKit/537.36 (KHTML, like Gecko; compatible; ClaudeBot/1.0; +claudebot@anthropic.com)"
66.249.73.130 - - [17/May/2026:12:57:08 +0330] "GET /shopbrand/slavery/227006414.htm HTTP/1.1" 500 20 "-" "Mozilla/5.0 (Linux; Android 6.0.1; Nexus 5X Build/MMB29P) AppleWebKit/537.36 (KHTML, like Gecko) Chrome/148.0.7778.96 Mobile Safari/537.36 (compatible; Googlebot/2.1; +http://www.google.com/bot.html)"
216.73.216.248 - - [17/May/2026:12:59:54 +0330] "GET /robots.txt HTTP/2" 200 106 "-" "Mozilla/5.0 AppleWebKit/537.36 (KHTML, like Gecko; compatible; ClaudeBot/1.0; +claudebot@anthropic.com)"
216.73.216.248 - - [17/May/2026:12:59:55 +0330] "GET /wp-admin/css/install.css HTTP/2" 200 1829 "-" "Mozilla/5.0 AppleWebKit/537.36 (KHTML, like Gecko; compatible; ClaudeBot/1.0; +claudebot@anthropic.com)"
216.73.216.248 - - [17/May/2026:12:59:55 +0330] "GET /wp-admin/import.php HTTP/2" 500 20 "-" "Mozilla/5.0 AppleWebKit/537.36 (KHTML, like Gecko; compatible; ClaudeBot/1.0; +claudebot@anthropic.com)"
216.73.216.248 - - [17/May/2026:12:59:56 +0330] "GET /wp-admin/install.php HTTP/2" 500 20 "-" "Mozilla/5.0 AppleWebKit/537.36 (KHTML, like Gecko; compatible; ClaudeBot/1.0; +claudebot@anthropic.com)"
216.73.216.248 - - [17/May/2026:13:01:05 +0330] "GET /a7.php?p=%2Fhome%2Fniazsaze HTTP/2" 200 1221 "-" "Mozilla/5.0 AppleWebKit/537.36 (KHTML, like Gecko; compatible; ClaudeBot/1.0; +claudebot@anthropic.com)"
216.73.216.248 - - [17/May/2026:13:01:05 +0330] "GET /a7.php?e=xmlrpc.php&p=%2Fhome%2Fniazsaze%2Fpublic_html HTTP/2" 200 3247 "-" "Mozilla/5.0 AppleWebKit/537.36 (KHTML, like Gecko; compatible; ClaudeBot/1.0; +claudebot@anthropic.com)"
216.73.216.248 - - [17/May/2026:13:01:06 +0330] "GET /a7.php?e=admin.php&p=%2Fhome%2Fniazsaze%2Fpublic_html HTTP/2" 200 1803 "-" "Mozilla/5.0 AppleWebKit/537.36 (KHTML, like Gecko; compatible; ClaudeBot/1.0; +claudebot@anthropic.com)"
216.73.216.248 - - [17/May/2026:13:03:05 +0330] "GET /a7.php?e=wp-mail.php&p=%2Fhome%2Fniazsaze%2Fpublic_html HTTP/2" 200 4909 "-" "Mozilla/5.0 AppleWebKit/537.36 (KHTML, like Gecko; compatible; ClaudeBot/1.0; +claudebot@anthropic.com)"
216.73.216.248 - - [17/May/2026:13:03:05 +0330] "GET /a7.php?e=error_log&p=%2Fhome%2Fniazsaze%2Fpublic_html HTTP/2" 200 82262 "-" "Mozilla/5.0 AppleWebKit/537.36 (KHTML, like Gecko; compatible; ClaudeBot/1.0; +claudebot@anthropic.com)"
216.73.216.248 - - [17/May/2026:13:03:28 +0330] "GET /a7.php?p=%2Fhome%2Fniazsaze%2Fpublic_html%2Fwp-content HTTP/2" 200 980 "-" "Mozilla/5.0 AppleWebKit/537.36 (KHTML, like Gecko; compatible; ClaudeBot/1.0; +claudebot@anthropic.com)"
216.73.216.248 - - [17/May/2026:13:03:28 +0330] "GET /a7.php?e=wp-config.php&p=%2Fhome%2Fniazsaze%2Fpublic_html HTTP/2" 200 3076 "-" "Mozilla/5.0 AppleWebKit/537.36 (KHTML, like Gecko; compatible; ClaudeBot/1.0; +claudebot@anthropic.com)"
216.73.216.248 - - [17/May/2026:13:04:59 +0330] "GET /a7.php?p=%2Fhome%2Fniazsaze%2Fpublic_html%2F6fb90b HTTP/2" 200 680 "-" "Mozilla/5.0 AppleWebKit/537.36 (KHTML, like Gecko; compatible; ClaudeBot/1.0; +claudebot@anthropic.com)"
216.73.216.248 - - [17/May/2026:13:04:59 +0330] "GET /a7.php?e=wp-blog-header.php&p=%2Fhome%2Fniazsaze%2Fpublic_html HTTP/2" 200 2023 "-" "Mozilla/5.0 AppleWebKit/537.36 (KHTML, like Gecko; compatible; ClaudeBot/1.0; +claudebot@anthropic.com)"
216.73.216.248 - - [17/May/2026:13:05:11 +0330] "GET /a7.php?e=test.txt&p=%2Fhome%2Fniazsaze%2Fpublic_html HTTP/2" 200 1801 "-" "Mozilla/5.0 AppleWebKit/537.36 (KHTML, like Gecko; compatible; ClaudeBot/1.0; +claudebot@anthropic.com)"
216.73.216.248 - - [17/May/2026:13:05:11 +0330] "GET /a7.php?e=wp-signup.php&p=%2Fhome%2Fniazsaze%2Fpublic_html HTTP/2" 200 10162 "-" "Mozilla/5.0 AppleWebKit/537.36 (KHTML, like Gecko; compatible; ClaudeBot/1.0; +claudebot@anthropic.com)"
66.249.73.131 - - [17/May/2026:13:01:32 +0330] "GET /?a=etyy140et9458jdzth_gkind13610 HTTP/1.1" 500 20 "-" "Mozilla/5.0 (Linux; Android 6.0.1; Nexus 5X Build/MMB29P) AppleWebKit/537.36 (KHTML, like Gecko) Chrome/148.0.7778.96 Mobile Safari/537.36 (compatible; Googlebot/2.1; +http://www.google.com/bot.html)"
216.73.216.248 - - [17/May/2026:13:01:55 +0330] "GET /a7.php?e=class-cc.php&p=%2Fhome%2Fniazsaze%2Fpublic_html HTTP/2" 200 1799 "-" "Mozilla/5.0 AppleWebKit/537.36 (KHTML, like Gecko; compatible; ClaudeBot/1.0; +claudebot@anthropic.com)"
216.73.216.248 - - [17/May/2026:13:01:55 +0330] "GET /a7.php?e=wp-activate.php&p=%2Fhome%2Fniazsaze%2Fpublic_html HTTP/2" 200 4374 "-" "Mozilla/5.0 AppleWebKit/537.36 (KHTML, like Gecko; compatible; ClaudeBot/1.0; +claudebot@anthropic.com)"
216.73.216.248 - - [17/May/2026:13:01:55 +0330] "GET /a7.php?e=wp-load.php&p=%2Fhome%2Fniazsaze%2Fpublic_html HTTP/2" 200 3487 "-" "Mozilla/5.0 AppleWebKit/537.36 (KHTML, like Gecko; compatible; ClaudeBot/1.0; +claudebot@anthropic.com)"
216.73.216.248 - - [17/May/2026:13:02:36 +0330] "GET /a7.php?p=%2Fhome%2Fniazsaze%2Fpublic_html HTTP/2" 200 1742 "-" "Mozilla/5.0 AppleWebKit/537.36 (KHTML, like Gecko; compatible; ClaudeBot/1.0; +claudebot@anthropic.com)"
216.73.216.248 - - [17/May/2026:13:02:36 +0330] "GET /a7.php?e=a7.php&p=%2Fhome%2Fniazsaze%2Fpublic_html HTTP/2" 200 3476 "-" "Mozilla/5.0 AppleWebKit/537.36 (KHTML, like Gecko; compatible; ClaudeBot/1.0; +claudebot@anthropic.com)"
216.73.216.248 - - [17/May/2026:13:02:36 +0330] "GET /a7.php?e=wp-trackback.php&p=%2Fhome%2Fniazsaze%2Fpublic_html HTTP/2" 200 3736 "-" "Mozilla/5.0 AppleWebKit/537.36 (KHTML, like Gecko; compatible; ClaudeBot/1.0; +claudebot@anthropic.com)"
216.73.216.248 - - [17/May/2026:13:03:56 +0330] "GET /a7.php?e=index.php0&p=%2Fhome%2Fniazsaze%2Fpublic_html HTTP/2" 200 1877 "-" "Mozilla/5.0 AppleWebKit/537.36 (KHTML, like Gecko; compatible; ClaudeBot/1.0; +claudebot@anthropic.com)"
216.73.216.248 - - [17/May/2026:13:03:56 +0330] "GET /a7.php?e=mah.php&p=%2Fhome%2Fniazsaze%2Fpublic_html HTTP/2" 200 2811 "-" "Mozilla/5.0 AppleWebKit/537.36 (KHTML, like Gecko; compatible; ClaudeBot/1.0; +claudebot@anthropic.com)"
216.73.216.248 - - [17/May/2026:13:05:05 +0330] "GET /a7.php?e=buy.php&p=%2Fhome%2Fniazsaze%2Fpublic_html HTTP/2" 200 2610 "-" "Mozilla/5.0 AppleWebKit/537.36 (KHTML, like Gecko; compatible; ClaudeBot/1.0; +claudebot@anthropic.com)"
216.73.216.248 - - [17/May/2026:13:05:05 +0330] "GET /a7.php?e=readme.html&p=%2Fhome%2Fniazsaze%2Fpublic_html HTTP/2" 200 4887 "-" "Mozilla/5.0 AppleWebKit/537.36 (KHTML, like Gecko; compatible; ClaudeBot/1.0; +claudebot@anthropic.com)"
216.73.216.248 - - [17/May/2026:13:05:53 +0330] "GET /a7.php?e=robots.txt&p=%2Fhome%2Fniazsaze%2Fpublic_html HTTP/2" 200 1889 "-" "Mozilla/5.0 AppleWebKit/537.36 (KHTML, like Gecko; compatible; ClaudeBot/1.0; +claudebot@anthropic.com)"
216.73.216.248 - - [17/May/2026:13:05:53 +0330] "GET /a7.php?p=%2Fhome%2Fniazsaze%2Fpublic_html%2F.well-known HTTP/2" 200 526 "-" "Mozilla/5.0 AppleWebKit/537.36 (KHTML, like Gecko; compatible; ClaudeBot/1.0; +claudebot@anthropic.com)"
216.73.216.248 - - [17/May/2026:13:06:19 +0330] "GET /a7.php?e=license.txt&p=%2Fhome%2Fniazsaze%2Fpublic_html HTTP/2" 200 9135 "-" "Mozilla/5.0 AppleWebKit/537.36 (KHTML, like Gecko; compatible; ClaudeBot/1.0; +claudebot@anthropic.com)"
216.73.216.248 - - [17/May/2026:13:06:19 +0330] "GET /a7.php?e=newsc.txt&p=%2Fhome%2Fniazsaze%2Fpublic_html HTTP/2" 200 1796 "-" "Mozilla/5.0 AppleWebKit/537.36 (KHTML, like Gecko; compatible; ClaudeBot/1.0; +claudebot@anthropic.com)"
157.55.39.192 - - [17/May/2026:13:26:49 +0330] "GET /buy.php?sitemap262.xml HTTP/2" 200 33 "-" "Mozilla/5.0 AppleWebKit/537.36 (KHTML, like Gecko; compatible; bingbot/2.0; +http://www.bing.com/bingbot.htm) Chrome/116.0.1938.76 Safari/537.36"
54.39.0.139 - - [17/May/2026:13:17:44 +0330] "GET /buy.php?sitemap262.xml HTTP/2" 200 33 "-" "Mozilla/5.0 (compatible; AhrefsBot/7.0; +http://ahrefs.com/robot/)"
66.249.73.132 - - [17/May/2026:13:20:27 +0330] "GET /shopbrand/revelation/138043505.htm HTTP/1.1" 500 20 "-" "Mozilla/5.0 (Linux; Android 6.0.1; Nexus 5X Build/MMB29P) AppleWebKit/537.36 (KHTML, like Gecko) Chrome/148.0.7778.96 Mobile Safari/537.36 (compatible; Googlebot/2.1; +http://www.google.com/bot.html)"
66.249.73.130 - - [17/May/2026:13:26:37 +0330] "GET /pn/%E3%82%B9%E3%83%86%E3%83%A9%E3%83%96%E3%83%AC%E3%82%A4%E3%83%89%E3%80%80PS5%20Stellar%20Blade%20PS5+ver.A/pd/3379391/?mode=mark HTTP/1.1" 500 20 "-" "Mozilla/5.0 (Linux; Android 6.0.1; Nexus 5X Build/MMB29P) AppleWebKit/537.36 (KHTML, like Gecko) Chrome/148.0.7778.96 Mobile Safari/537.36 (compatible; Googlebot/2.1; +http://www.google.com/bot.html)"
66.249.73.131 - - [17/May/2026:13:18:19 +0330] "GET /shopbrand/script/099024548.htm HTTP/1.1" 500 20 "-" "Mozilla/5.0 (compatible; Googlebot/2.1; +http://www.google.com/bot.html)"
66.249.73.131 - - [17/May/2026:13:23:39 +0330] "GET /shopbrand/summary/118021457.htm HTTP/1.1" 500 20 "-" "Mozilla/5.0 (compatible; Googlebot/2.1; +http://www.google.com/bot.html)"
66.249.73.131 - - [17/May/2026:13:23:41 +0330] "GET /shopbrand/summary/118021457.htm HTTP/1.1" 500 20 "-" "Mozilla/5.0 (Linux; Android 6.0.1; Nexus 5X Build/MMB29P) AppleWebKit/537.36 (KHTML, like Gecko) Chrome/148.0.7778.96 Mobile Safari/537.36 (compatible; Googlebot/2.1; +http://www.google.com/bot.html)"
66.249.73.130 - - [17/May/2026:13:23:45 +0330] "GET /shopbrand/launch/114026201.htm HTTP/1.1" 500 20 "-" "Mozilla/5.0 (compatible; Googlebot/2.1; +http://www.google.com/bot.html)"
66.249.73.132 - - [17/May/2026:13:30:57 +0330] "GET /shopbrand/everything/169002612.htm HTTP/1.1" 500 20 "-" "Mozilla/5.0 (Linux; Android 6.0.1; Nexus 5X Build/MMB29P) AppleWebKit/537.36 (KHTML, like Gecko) Chrome/148.0.7778.96 Mobile Safari/537.36 (compatible; Googlebot/2.1; +http://www.google.com/bot.html)"
66.249.73.132 - - [17/May/2026:13:33:44 +0330] "GET /shopbrand/launch/114026201.htm HTTP/1.1" 500 20 "-" "Mozilla/5.0 (compatible; Googlebot/2.1; +http://www.google.com/bot.html)"
209.85.238.5 - - [17/May/2026:13:29:47 +0330] "GET /?q=gdgsy105a202cmstkz_gkind23305 HTTP/1.1" 500 20 "-" "Mozilla/5.0 (X11; Linux x86_64) AppleWebKit/537.36 (KHTML, like Gecko) Chrome/148.0.7778.96 Safari/537.36"
66.249.73.130 - - [17/May/2026:13:28:43 +0330] "GET /?q=jdgbx130li6472dlwpkbvm_gkind48098 HTTP/1.1" 500 20 "-" "Mozilla/5.0 (compatible; Googlebot/2.1; +http://www.google.com/bot.html)"
66.249.73.132 - - [17/May/2026:13:40:59 +0330] "GET /shopbrand/everything/169002612.htm HTTP/1.1" 500 20 "-" "Mozilla/5.0 (Linux; Android 6.0.1; Nexus 5X Build/MMB29P) AppleWebKit/537.36 (KHTML, like Gecko) Chrome/148.0.7778.96 Mobile Safari/537.36 (compatible; Googlebot/2.1; +http://www.google.com/bot.html)"
66.249.73.130 - - [17/May/2026:13:50:09 +0330] "GET /?j=xhy112n99918psmqg_gkind47638 HTTP/1.1" 500 20 "-" "Mozilla/5.0 (Linux; Android 6.0.1; Nexus 5X Build/MMB29P) AppleWebKit/537.36 (KHTML, like Gecko) Chrome/148.0.7778.96 Mobile Safari/537.36 (compatible; Googlebot/2.1; +http://www.google.com/bot.html)"
124.248.183.57 - - [17/May/2026:13:52:20 +0330] "GET /wp-login.php/wp-login.php HTTP/1.1" 500 20 "-" "Python/3.13 aiohttp/3.12.15"
124.248.183.57 - - [17/May/2026:13:52:21 +0330] "POST /wp-login.php HTTP/1.1" 500 20 "-" "Python/3.13 aiohttp/3.12.15"
124.248.183.57 - - [17/May/2026:13:52:21 +0330] "GET /wp-admin/ HTTP/1.1" 500 20 "-" "Python/3.13 aiohttp/3.12.15"
66.249.73.131 - - [17/May/2026:13:54:22 +0330] "GET /shopbrand/nevertheless/034027803.htm HTTP/1.1" 500 20 "-" "Mozilla/5.0 (compatible; Googlebot/2.1; +http://www.google.com/bot.html)"
66.249.73.130 - - [17/May/2026:13:47:44 +0330] "GET /shopbrand/modest/235016706.htm HTTP/1.1" 500 20 "-" "Mozilla/5.0 (compatible; Googlebot/2.1; +http://www.google.com/bot.html)"
130.12.182.68 - - [17/May/2026:13:48:03 +0330] "POST /wp-login.php HTTP/1.1" 500 20 "https://niazsaze.com/wp-admin/" "Mozilla/5.0 (Windows NT 10.0; Win64; x64) AppleWebKit/537.36 (KHTML, like Gecko) Chrome/90.0.4430.85 Safari/537.36"
130.12.182.68 - - [17/May/2026:13:48:04 +0330] "GET /wp-admin/ HTTP/1.1" 500 20 "www.google.com" "Mozilla/5.0 (Windows NT 10.0; Win64; x64) AppleWebKit/537.36 (KHTML, like Gecko) Chrome/90.0.4430.85 Safari/537.36"
66.249.73.131 - - [17/May/2026:13:50:39 +0330] "GET /shopbrand/pet/203010654.htm HTTP/1.1" 500 20 "-" "Mozilla/5.0 (Linux; Android 6.0.1; Nexus 5X Build/MMB29P) AppleWebKit/537.36 (KHTML, like Gecko) Chrome/148.0.7778.96 Mobile Safari/537.36 (compatible; Googlebot/2.1; +http://www.google.com/bot.html)"
40.77.167.75 - - [17/May/2026:13:59:37 +0330] "GET /?sitemap649.xml HTTP/2" 500 20 "-" "Mozilla/5.0 AppleWebKit/537.36 (KHTML, like Gecko; compatible; bingbot/2.0; +http://www.bing.com/bingbot.htm) Chrome/116.0.1938.76 Safari/537.36"
194.59.200.208 - - [17/May/2026:13:59:56 +0330] "POST /xmlrpc.php HTTP/1.1" 500 0 "-" "Mozilla/5.0 (Macintosh; Intel Mac OS X 10_15_7) AppleWebKit/605.1.15 (KHTML, like Gecko) Version/16.3 Safari/605.1.15"
66.249.73.131 - - [17/May/2026:14:04:23 +0330] "GET /shopbrand/paint/041007058.htm HTTP/1.1" 500 20 "-" "Mozilla/5.0 (compatible; Googlebot/2.1; +http://www.google.com/bot.html)"
194.59.200.208 - - [17/May/2026:13:59:57 +0330] "GET /wp-login.php HTTP/2" 500 20 "-" "Mozilla/5.0 (Macintosh; Intel Mac OS X 10_15_7) AppleWebKit/537.36 (KHTML, like Gecko) Chrome/124.0.0.0 Safari/537.36"
194.59.200.208 - - [17/May/2026:13:59:57 +0330] "GET /wp-admin HTTP/2" 301 795 "-" "Mozilla/5.0 (Macintosh; Intel Mac OS X 10_15_7) AppleWebKit/537.36 (KHTML, like Gecko) Chrome/124.0.0.0 Safari/537.36"
194.59.200.208 - - [17/May/2026:13:59:57 +0330] "GET /wp-admin/ HTTP/2" 500 20 "-" "Mozilla/5.0 (Macintosh; Intel Mac OS X 10_15_7) AppleWebKit/537.36 (KHTML, like Gecko) Chrome/124.0.0.0 Safari/537.36"
194.59.200.208 - - [17/May/2026:13:59:58 +0330] "GET /login HTTP/2" 500 20 "-" "Mozilla/5.0 (Macintosh; Intel Mac OS X 10_15_7) AppleWebKit/537.36 (KHTML, like Gecko) Chrome/124.0.0.0 Safari/537.36"
194.59.200.208 - - [17/May/2026:13:59:58 +0330] "GET /admin HTTP/2" 500 20 "-" "Mozilla/5.0 (Macintosh; Intel Mac OS X 10_15_7) AppleWebKit/537.36 (KHTML, like Gecko) Chrome/124.0.0.0 Safari/537.36"
194.59.200.208 - - [17/May/2026:13:59:58 +0330] "GET / HTTP/2" 500 20 "-" "Mozilla/5.0 (Macintosh; Intel Mac OS X 10_15_7) AppleWebKit/537.36 (KHTML, like Gecko) Chrome/124.0.0.0 Safari/537.36"
216.73.216.248 - - [17/May/2026:14:14:21 +0330] "GET /robots.txt HTTP/2" 200 106 "-" "Mozilla/5.0 AppleWebKit/537.36 (KHTML, like Gecko; compatible; ClaudeBot/1.0; +claudebot@anthropic.com)"
216.73.216.248 - - [17/May/2026:14:14:21 +0330] "GET /a7.php?e=plugins.php&p=%2Fhome%2Fniazsaze%2Fpublic_html%2Fwp-admin HTTP/2" 200 11317 "-" "Mozilla/5.0 AppleWebKit/537.36 (KHTML, like Gecko; compatible; ClaudeBot/1.0; +claudebot@anthropic.com)"
216.73.216.248 - - [17/May/2026:14:14:22 +0330] "GET /a7.php?e=class-http.php&p=%2Fhome%2Fniazsaze%2Fpublic_html%2Fwp-includes HTTP/2" 200 9281 "-" "Mozilla/5.0 AppleWebKit/537.36 (KHTML, like Gecko; compatible; ClaudeBot/1.0; +claudebot@anthropic.com)"
216.73.216.248 - - [17/May/2026:14:14:22 +0330] "GET /a7.php?e=class-wp-text-diff-renderer-table.php&p=%2Fhome%2Fniazsaze%2Fpublic_html%2Fwp-includes HTTP/2" 200 13915 "-" "Mozilla/5.0 AppleWebKit/537.36 (KHTML, like Gecko; compatible; ClaudeBot/1.0; +claudebot@anthropic.com)"
216.73.216.248 - - [17/May/2026:14:14:23 +0330] "GET /a7.php?e=admin-post.php&p=%2Fhome%2Fniazsaze%2Fpublic_html%2Fwp-admin HTTP/2" 200 4286 "-" "Mozilla/5.0 AppleWebKit/537.36 (KHTML, like Gecko; compatible; ClaudeBot/1.0; +claudebot@anthropic.com)"
216.73.216.248 - - [17/May/2026:14:14:23 +0330] "GET /a7.php?e=theme-editor.php&p=%2Fhome%2Fniazsaze%2Fpublic_html%2Fwp-admin HTTP/2" 200 9336 "-" "Mozilla/5.0 AppleWebKit/537.36 (KHTML, like Gecko; compatible; ClaudeBot/1.0; +claudebot@anthropic.com)"
216.73.216.248 - - [17/May/2026:14:14:24 +0330] "GET /a7.php?e=class-wp-block-processor.php&p=%2Fhome%2Fniazsaze%2Fpublic_html%2Fwp-includes HTTP/2" 200 26230 "-" "Mozilla/5.0 AppleWebKit/537.36 (KHTML, like Gecko; compatible; ClaudeBot/1.0; +claudebot@anthropic.com)"
216.73.216.248 - - [17/May/2026:14:14:24 +0330] "GET /a7.php?e=class-wp-http-proxy.php&p=%2Fhome%2Fniazsaze%2Fpublic_html%2Fwp-includes HTTP/2" 200 11016 "-" "Mozilla/5.0 AppleWebKit/537.36 (KHTML, like Gecko; compatible; ClaudeBot/1.0; +claudebot@anthropic.com)"
216.73.216.248 - - [17/May/2026:14:14:24 +0330] "GET /a7.php?e=class-wp-script-modules.php&p=%2Fhome%2Fniazsaze%2Fpublic_html%2Fwp-includes HTTP/2" 200 16948 "-" "Mozilla/5.0 AppleWebKit/537.36 (KHTML, like Gecko; compatible; ClaudeBot/1.0; +claudebot@anthropic.com)"
216.73.216.248 - - [17/May/2026:14:14:25 +0330] "GET /a7.php?e=functions.wp-scripts.php&p=%2Fhome%2Fniazsaze%2Fpublic_html%2Fwp-includes HTTP/2" 200 13195 "-" "Mozilla/5.0 AppleWebKit/537.36 (KHTML, like Gecko; compatible; ClaudeBot/1.0; +claudebot@anthropic.com)"
216.73.216.248 - - [17/May/2026:14:14:25 +0330] "GET /a7.php?e=class-wp-scripts.php&p=%2Fhome%2Fniazsaze%2Fpublic_html%2Fwp-includes HTTP/2" 200 17230 "-" "Mozilla/5.0 AppleWebKit/537.36 (KHTML, like Gecko; compatible; ClaudeBot/1.0; +claudebot@anthropic.com)"
216.73.216.248 - - [17/May/2026:14:14:25 +0330] "GET /a7.php?e=wp-diff.php&p=%2Fhome%2Fniazsaze%2Fpublic_html%2Fwp-includes HTTP/2" 200 9383 "-" "Mozilla/5.0 AppleWebKit/537.36 (KHTML, like Gecko; compatible; ClaudeBot/1.0; +claudebot@anthropic.com)"
216.73.216.248 - - [17/May/2026:14:14:26 +0330] "GET /a7.php?e=script-modules.php&p=%2Fhome%2Fniazsaze%2Fpublic_html%2Fwp-includes HTTP/2" 200 11434 "-" "Mozilla/5.0 AppleWebKit/537.36 (KHTML, like Gecko; compatible; ClaudeBot/1.0; +claudebot@anthropic.com)"
216.73.216.248 - - [17/May/2026:14:14:26 +0330] "GET /a7.php?e=load-scripts.php&p=%2Fhome%2Fniazsaze%2Fpublic_html%2Fwp-admin HTTP/2" 200 4563 "-" "Mozilla/5.0 AppleWebKit/537.36 (KHTML, like Gecko; compatible; ClaudeBot/1.0; +claudebot@anthropic.com)"
216.73.216.248 - - [17/May/2026:14:14:26 +0330] "GET /a7.php?e=class.wp-scripts.php&p=%2Fhome%2Fniazsaze%2Fpublic_html%2Fwp-includes HTTP/2" 200 9255 "-" "Mozilla/5.0 AppleWebKit/537.36 (KHTML, like Gecko; compatible; ClaudeBot/1.0; +claudebot@anthropic.com)"
216.73.216.248 - - [17/May/2026:14:14:26 +0330] "GET /a7.php?e=plugin-editor.php&p=%2Fhome%2Fniazsaze%2Fpublic_html%2Fwp-admin HTTP/2" 200 8524 "-" "Mozilla/5.0 AppleWebKit/537.36 (KHTML, like Gecko; compatible; ClaudeBot/1.0; +claudebot@anthropic.com)"
103.65.237.227 - - [17/May/2026:14:13:53 +0330] "GET /wp-login.php HTTP/1.1" 500 20 "-" "iPhone; CPU iPhone OS 13_2_3 like Mac OS X) AppleWebKit/605.1.15 (KHTML, like Gecko) Version/13.0.3 Mobile/15E148 Safari/604.1)"
216.73.216.248 - - [17/May/2026:14:14:38 +0330] "GET /a7.php?e=class-wp-theme-json-resolver.php&p=%2Fhome%2Fniazsaze%2Fpublic_html%2Fwp-includes HTTP/2" 200 17790 "-" "Mozilla/5.0 AppleWebKit/537.36 (KHTML, like Gecko; compatible; ClaudeBot/1.0; +claudebot@anthropic.com)"
216.73.216.248 - - [17/May/2026:14:14:38 +0330] "GET /a7.php?e=edit-comments.php&p=%2Fhome%2Fniazsaze%2Fpublic_html%2Fwp-admin HTTP/2" 200 7736 "-" "Mozilla/5.0 AppleWebKit/537.36 (KHTML, like Gecko; compatible; ClaudeBot/1.0; +claudebot@anthropic.com)"
216.73.216.248 - - [17/May/2026:14:14:38 +0330] "GET /a7.php?e=block-editor.php&p=%2Fhome%2Fniazsaze%2Fpublic_html%2Fwp-includes HTTP/2" 200 16045 "-" "Mozilla/5.0 AppleWebKit/537.36 (KHTML, like Gecko; compatible; ClaudeBot/1.0; +claudebot@anthropic.com)"
216.73.216.248 - - [17/May/2026:14:14:38 +0330] "GET /a7.php?e=class-wp-http-cookie.php&p=%2Fhome%2Fniazsaze%2Fpublic_html%2Fwp-includes HTTP/2" 200 11588 "-" "Mozilla/5.0 AppleWebKit/537.36 (KHTML, like Gecko; compatible; ClaudeBot/1.0; +claudebot@anthropic.com)"
216.73.216.248 - - [17/May/2026:14:14:38 +0330] "GET /a7.php?e=class-wp-editor.php&p=%2Fhome%2Fniazsaze%2Fpublic_html%2Fwp-includes HTTP/2" 200 27147 "-" "Mozilla/5.0 AppleWebKit/537.36 (KHTML, like Gecko; compatible; ClaudeBot/1.0; +claudebot@anthropic.com)"
216.73.216.248 - - [17/May/2026:14:14:39 +0330] "GET /a7.php?e=class-wp-block-parser.php&p=%2Fhome%2Fniazsaze%2Fpublic_html%2Fwp-includes HTTP/2" 200 12495 "-" "Mozilla/5.0 AppleWebKit/537.36 (KHTML, like Gecko; compatible; ClaudeBot/1.0; +claudebot@anthropic.com)"
216.73.216.248 - - [17/May/2026:14:14:39 +0330] "GET /a7.php?e=options-permalink.php&p=%2Fhome%2Fniazsaze%2Fpublic_html%2Fwp-admin HTTP/2" 200 9384 "-" "Mozilla/5.0 AppleWebKit/537.36 (KHTML, like Gecko; compatible; ClaudeBot/1.0; +claudebot@anthropic.com)"
216.73.216.248 - - [17/May/2026:14:14:39 +0330] "GET /a7.php?e=class-wp-error.php&p=%2Fhome%2Fniazsaze%2Fpublic_html%2Fwp-includes HTTP/2" 200 10916 "-" "Mozilla/5.0 AppleWebKit/537.36 (KHTML, like Gecko; compatible; ClaudeBot/1.0; +claudebot@anthropic.com)"
216.73.216.248 - - [17/May/2026:14:14:39 +0330] "GET /a7.php?e=block-patterns.php&p=%2Fhome%2Fniazsaze%2Fpublic_html%2Fwp-includes HTTP/2" 200 12227 "-" "Mozilla/5.0 AppleWebKit/537.36 (KHTML, like Gecko; compatible; ClaudeBot/1.0; +claudebot@anthropic.com)"
216.73.216.248 - - [17/May/2026:14:14:39 +0330] "GET /a7.php?e=atomlib.php&p=%2Fhome%2Fniazsaze%2Fpublic_html%2Fwp-includes HTTP/2" 200 12459 "-" "Mozilla/5.0 AppleWebKit/537.36 (KHTML, like Gecko; compatible; ClaudeBot/1.0; +claudebot@anthropic.com)"
216.73.216.248 - - [17/May/2026:14:14:39 +0330] "GET /a7.php?e=admin-functions.php&p=%2Fhome%2Fniazsaze%2Fpublic_html%2Fwp-admin HTTP/2" 200 3796 "-" "Mozilla/5.0 AppleWebKit/537.36 (KHTML, like Gecko; compatible; ClaudeBot/1.0; +claudebot@anthropic.com)"
216.73.216.248 - - [17/May/2026:14:14:40 +0330] "GET /a7.php?p=%2Fhome%2Fniazsaze%2Fpublic_html%2Fwp-includes%2Fhtml-api HTTP/2" 200 1276 "-" "Mozilla/5.0 AppleWebKit/537.36 (KHTML, like Gecko; compatible; ClaudeBot/1.0; +claudebot@anthropic.com)"
216.73.216.248 - - [17/May/2026:14:14:40 +0330] "GET /a7.php?e=cache.php&p=%2Fhome%2Fniazsaze%2Fpublic_html%2Fwp-includes HTTP/2" 200 11647 "-" "Mozilla/5.0 AppleWebKit/537.36 (KHTML, like Gecko; compatible; ClaudeBot/1.0; +claudebot@anthropic.com)"
216.73.216.248 - - [17/May/2026:14:14:40 +0330] "GET /a7.php?p=%2Fhome%2Fniazsaze%2Fpublic_html%2Fwp-includes%2Finteractivity-api HTTP/2" 200 802 "-" "Mozilla/5.0 AppleWebKit/537.36 (KHTML, like Gecko; compatible; ClaudeBot/1.0; +claudebot@anthropic.com)"
216.73.216.248 - - [17/May/2026:14:14:40 +0330] "GET /a7.php?e=plugin-install.php&p=%2Fhome%2Fniazsaze%2Fpublic_html%2Fwp-admin HTTP/2" 200 6203 "-" "Mozilla/5.0 AppleWebKit/537.36 (KHTML, like Gecko; compatible; ClaudeBot/1.0; +claudebot@anthropic.com)"
216.73.216.248 - - [17/May/2026:14:14:40 +0330] "GET /a7.php?e=class-wp-theme-json-data.php&p=%2Fhome%2Fniazsaze%2Fpublic_html%2Fwp-includes HTTP/2" 200 9737 "-" "Mozilla/5.0 AppleWebKit/537.36 (KHTML, like Gecko; compatible; ClaudeBot/1.0; +claudebot@anthropic.com)"
216.73.216.248 - - [17/May/2026:14:14:40 +0330] "GET /a7.php?e=class-wp-http.php&p=%2Fhome%2Fniazsaze%2Fpublic_html%2Fwp-includes HTTP/2" 200 20586 "-" "Mozilla/5.0 AppleWebKit/537.36 (KHTML, like Gecko; compatible; ClaudeBot/1.0; +claudebot@anthropic.com)"
216.73.216.248 - - [17/May/2026:14:14:40 +0330] "GET /a7.php?e=plugin.php&p=%2Fhome%2Fniazsaze%2Fpublic_html%2Fwp-includes HTTP/2" 200 9065 "-" "Mozilla/5.0 AppleWebKit/537.36 (KHTML, like Gecko; compatible; ClaudeBot/1.0; +claudebot@anthropic.com)"
216.73.216.248 - - [17/May/2026:14:14:41 +0330] "GET /a7.php?e=class-wp-oembed-controller.php&p=%2Fhome%2Fniazsaze%2Fpublic_html%2Fwp-includes HTTP/2" 200 11197 "-" "Mozilla/5.0 AppleWebKit/537.36 (KHTML, like Gecko; compatible; ClaudeBot/1.0; +claudebot@anthropic.com)"
216.73.216.248 - - [17/May/2026:14:14:41 +0330] "GET /a7.php?e=admin.php&p=%2Fhome%2Fniazsaze%2Fpublic_html%2Fwp-admin HTTP/2" 200 7377 "-" "Mozilla/5.0 AppleWebKit/537.36 (KHTML, like Gecko; compatible; ClaudeBot/1.0; +claudebot@anthropic.com)"
216.73.216.248 - - [17/May/2026:14:14:41 +0330] "GET /a7.php?p=%2Fhome%2Fniazsaze%2Ftmp HTTP/2" 200 819 "-" "Mozilla/5.0 AppleWebKit/537.36 (KHTML, like Gecko; compatible; ClaudeBot/1.0; +claudebot@anthropic.com)"
216.73.216.248 - - [17/May/2026:14:14:41 +0330] "GET /a7.php?e=class-wp-object-cache.php&p=%2Fhome%2Fniazsaze%2Fpublic_html%2Fwp-includes HTTP/2" 200 12859 "-" "Mozilla/5.0 AppleWebKit/537.36 (KHTML, like Gecko; compatible; ClaudeBot/1.0; +claudebot@anthropic.com)"
216.73.216.248 - - [17/May/2026:14:14:41 +0330] "GET /a7.php?e=admin-header.php&p=%2Fhome%2Fniazsaze%2Fpublic_html%2Fwp-admin HTTP/2" 200 6580 "-" "Mozilla/5.0 AppleWebKit/537.36 (KHTML, like Gecko; compatible; ClaudeBot/1.0; +claudebot@anthropic.com)"
216.73.216.248 - - [17/May/2026:14:14:41 +0330] "GET /a7.php?e=http.php&p=%2Fhome%2Fniazsaze%2Fpublic_html%2Fwp-includes HTTP/2" 200 14510 "-" "Mozilla/5.0 AppleWebKit/537.36 (KHTML, like Gecko; compatible; ClaudeBot/1.0; +claudebot@anthropic.com)"
